n. Calculate the highest common divisor of i and q.
19
Suppose -24305 = -5*j + 5*m, 5124 = 4*j - 3*m - 14319. Calculate the highest common factor of 20 and j.
20
Let n(h) = -3*h**2 + 14*h. Let b be n(10). Let a be (-30)/(-25)*b/6. Let f = a - -49. What is the highest common divisor of f and 68?
17
Let c be 659 + 3*(-2 + 1). Calculate the highest common divisor of c and 32.
16
Let p(i) = -5*i + 265. Let a be p(51). What is the highest common factor of a and 250?
10
Let t = -1206 - -1273. Calculate the greatest common factor of 1273 and t.
67
Let l = -31 - -35. Suppose -5*n - 4*c = -10*n + 1, -5*n + c = -l. Calculate the highest common divisor of 1 and n.
1
Suppose -5*g + 1 = 3*r, -5*r = -r + g - 24. Suppose -90 + 368 = 5*p + l, 4*p - 220 = -2*l. Calculate the highest common divisor of r and p.
7
Let t be 8/(-24) + (-38)/(-6). Let l be 2*3/(t/29). What is the greatest common divisor of l and 319?
29
Let i be 28/(-7) + 7/((-14)/16). Let c be (i/7)/(4 + (-30)/7). Calculate the highest common factor of 3 and c.
3
Let p be 4*18/24 + 3. What is the greatest common factor of 30 and p?
6
Suppose -5*z + 60 = 5*k, -4*k + 2*k = 3*z - 27. Let c = k + -30. Let p = c - -165. Calculate the greatest common divisor of p and 16.
16
Let b = -73 - -122. Let l(r) = 34*r + 177. Let x be l(-5). What is the greatest common factor of x and b?
7
Let w(k) = 22*k**2 - 2. Let p be w(-4). Let o = -238 + p. What is the highest common factor of o and 7?
7
Suppose -526 = -3*x - 2*g, g - 3*g = -5*x + 850. Calculate the greatest common factor of 473 and x.
43
Let q(t) = -5*t + 245. Let f be q(46). What is the highest common factor of f and 6?
3
Let s be (-72)/(-60)*(-165)/(-6). What is the greatest common factor of 66 and s?
33
Let s be 12*((-114)/(-21) - 4/(-7)). Calculate the greatest common factor of s and 128.
8
Suppose 0 = 3*g - 2*p - 3012, 3*g = -p + 2239 + 764. Calculate the greatest common factor of g and 6.
6
Let k be (0 - -4 - -13) + 2. Let m be (k/19)/(2/36). What is the greatest common divisor of m and 9?
9
Let a be (-3)/1 - 9/3. Let h(o) = -4*o - 11. Let p be h(a). Calculate the highest common factor of p and 65.
13
Let m = -4 + 7. Let c be -3 - (-9 - (2 + 2)). Suppose 2*d = 14 + c. Calculate the highest common factor of d and m.
3
Let j(f) = 3*f**2 + 5*f + 2. Let h be j(-4). Let m be (-30)/4 - (-1)/(-2). Let b be (-28)/m*60/21. What is the greatest common factor of b and h?
10
Let x(v) = 3*v**2 + 40*v - 26. Let i be x(-17). What is the greatest common divisor of 14 and i?
7
Let a(h) = 5*h - 6. Let d be a(4). Let f = d - 3. What is the greatest common divisor of 33 and f?
11
Let r be (-3460)/(-32) + (-5)/40. Let c = r + 24. Calculate the greatest common factor of c and 12.
12
Let m be (3 + -7 + 0)/((-1)/(-11)). Let x = -4 - m. Calculate the highest common divisor of 20 and x.
20
Suppose -2268 = -13*x - x. What is the greatest common divisor of 6 and x?
6
Let y be (-52)/10*5/(-1). Let f = y - 10. Suppose -3*h - f = -31. What is the greatest common factor of h and 5?
5
Let u(k) = 10*k + 2*k + 3*k - 8*k - 4. Let i be u(2). Calculate the highest common divisor of i and 80.
10
Let l(a) = -a - 11. Let d be l(-8). Let u be (d + 6)*32/6. Let b be (-3 + 11)/((-545)/(-90) - 6). What is the highest common divisor of b and u?
16
Suppose 6*y + 3*j = 5*y, 2*y - 9 = -3*j. Let n(u) = u**3 - 10*u**2 + 4*u + 5. Let x be n(10). Calculate the greatest common divisor of x and y.
9
Let h = -7 - -46. What is the greatest common factor of 39 and h?
39
Let w be (5/4)/((-1)/(-40)). What is the greatest common divisor of 1850 and w?
50
Let w be (-145)/(-35) - 4/28. Let i(j) = 18*j - 12. Let r be i(w). Let a(d) = 2*d**2 + d - 3. Let v be a(-3). What is the greatest common divisor of r and v?
12
Let h be ((-180)/(-24) + -2)*(-1 + 9). What is the greatest common factor of 33 and h?
11
Suppose -236 = -5*h + h. What is the highest common factor of 177 and h?
59
Let v = -313 - -456. Let l(z) = -z**3 - 6*z**2 - 3*z - 5. Let s be l(-6). What is the greatest common factor of s and v?
13
Let l = 835 - -499. What is the highest common factor of 92 and l?
46
Let f = 25 - 23. Let r be (3 + (-12 - f))*-1. Suppose 0 = -0*o + 4*o - 44. What is the highest common divisor of o and r?
11
Suppose -5*s = -2*s - 405. Suppose -2*u + 3 = 2*r - 3*u, 18 = 2*r + 4*u. Let i be r + -6 - s/(-3). Calculate the greatest common divisor of 14 and i.
14
Suppose -273 = -6*o - 123. What is the highest common factor of 175 and o?
25
Suppose -2*z + 0*z = -4*g - 16, 0 = -4*g - 8. Suppose 3*y - 2*y + 137 = 2*o, -o + 72 = -z*y. Let w = 14 + 3. What is the highest common divisor of o and w?
17
Let f = -508 + 751. What is the greatest common divisor of 27 and f?
27
Let x = -65 + 119. What is the greatest common divisor of 108 and x?
54
Let w = -899 - -906. Calculate the highest common factor of w and 28.
7
Let d be 1*((-43)/(-9) - (-6)/27). Suppose -d*w + 16 = -4*w. What is the highest common divisor of w and 4?
4
Let g be ((-72)/45)/(2/(-70)). Let f = g + -32. What is the greatest common factor of 16 and f?
8
Let n = -312 + 323. What is the highest common divisor of n and 352?
11
Let y(b) = -2*b - 5. Let m be y(-6). Suppose -68 = m*x - 9*x. What is the highest common divisor of 85 and x?
17
Let l = -6 - -11. Suppose -45*v + 3325 = 850. Calculate the greatest common factor of l and v.
5
Suppose -l + 69 = -4*b, 0*l - 252 = -3*l - 3*b. Let d = 44 - 26. Suppose -d = -w - w. Calculate the highest common factor of w and l.
9
Let i = -48 + 48. Let s(h) = -h**3 + 2*h + 9. Let v be s(i). What is the greatest common divisor of v and 45?
9
Let t = 263 - 228. What is the highest common factor of 28 and t?
7
Let n(j) = j**2 - 3*j. Suppose -5*o - 2*o - 63 = 0. Let i be n(o). What is the greatest common factor of 12 and i?
12
Suppose 2*c - 20 = -0*c. Let o = 25 - 15. Let a = o - 0. What is the greatest common factor of c and a?
10
Suppose 4*v - 8 + 20 = 0. Let i = 27 + v. What is the greatest common factor of 120 and i?
24
Suppose 4*g + 483 = 3*m + g, 4*m - g - 632 = 0. Suppose 16*y - 3*y - 26 = 0. Suppose m = y*c + 47. Calculate the highest common divisor of 11 and c.
11
Let t be (3/(-4))/((-5)/80*2). What is the highest common divisor of t and 4?
2
Suppose 7*o - 273 = -6*o. Calculate the greatest common divisor of o and 63.
21
Let y(j) = -j**2 - 13*j - 25. Let a be y(-8). Let u = 286 + -121. Calculate the highest common divisor of a and u.
15
Suppose 0 = 2*a + 4*c + 18 - 152, -a - 4*c = -57. Calculate the greatest common factor of a and 35.
7
Let w = -59 - -68. Suppose -w = -s + 83. Calculate the greatest common divisor of 23 and s.
23
Let r be 4/((-5)/((-50)/4)). Let s = 24 - r. Suppose -s = -3*q - 4*v, -2*q = 5*v - 10*v - 40. Calculate the greatest common factor of 25 and q.
5
Suppose -i - 4*t - 116 = 0, -4*i = 5*t + 534 - 37. Let a = -767 - -499. Let w = i - a. Calculate the greatest common factor of w and 20.
20
Suppose 3*q = 3*a - 42, a - 1 - 1 = 4*q. Let j = -13 + a. Calculate the highest common factor of j and 40.
5
Let u be (-51)/27 - 13/117 - -62. What is the highest common divisor of 132 and u?
12
Suppose -82*y + 1380 = 2*t - 77*y, -3*t = 5*y - 2070. Calculate the greatest common divisor of 45 and t.
15
Suppose 4*m = -157 - 103. Let u = 69 + m. What is the highest common factor of 28 and u?
4
Let c be 4/2*(2 - 0). Let r(u) = 4*u**2 - u + 4. Let h be r(c). Suppose -14*m + 1605 = 28*m - 2427. Calculate the greatest common divisor of m and h.
32
Let m(k) = -4*k**2 + 5*k - 31. Let n(z) = -5*z**2 + 4*z - 31. Let y(f) = 6*m(f) - 5*n(f). Let x be y(-15). Calculate the greatest common divisor of x and 4.
4
Suppose -c + 0 - 8 = -2*y, 0 = -c + 3*y - 10. Let l = 39 + c. Let g be ((-16)/24)/(4/(-42)). What is the greatest common factor of g and l?
7
Let r(c) = 51*c**3 + 2*c**2 - 3*c. Let z be r(1). What is the highest common divisor of 425 and z?
25
Let q = -331 + 351. Calculate the highest common factor of 650 and q.
10
Let s(o) = o**2 + 10*o + 4. Let b be s(-10). Suppose 68 + 8 = b*d. What is the highest common divisor of d and 95?
19
Suppose 2245*l - 2310 = 2231*l. Calculate the highest common divisor of 1100 and l.
55
Suppose 36 = 2*x + 5*h + 10, -4*h - 24 = -4*x. Let d(y) = -y + 9. Let p be d(x). What is the greatest common factor of p and